{"id":7342,"date":"2021-02-26T12:25:59","date_gmt":"2021-02-26T11:25:59","guid":{"rendered":"https:\/\/www.terrehabitat.be\/wp\/?page_id=7342"},"modified":"2021-02-26T13:18:33","modified_gmt":"2021-02-26T12:18:33","slug":"pro-clima-intello-plus","status":"publish","type":"page","link":"https:\/\/www.terrehabitat.be\/wp\/construction\/etancheite-a-lair\/pro-clima-intello-plus\/","title":{"rendered":"Pro clima Intello plus"},"content":{"rendered":"<div id=\"pl-7342\"  class=\"panel-layout\" ><div id=\"pg-7342-0\"  class=\"panel-grid panel-no-style\" ><div id=\"pgc-7342-0-0\"  class=\"panel-grid-cell\" ><div id=\"panel-7342-0-0-0\" class=\"so-panel widget widget_origin_animated-image panel-first-child\" data-index=\"0\" ><div class=\"origin-widget origin-widget-animated-image origin-widget-animated-image-default-default\"><img decoding=\"async\" src=\"https:\/\/www.terrehabitat.be\/wp\/wp-content\/uploads\/2015\/01\/pro-clima-intello.jpg\" style=\"visibility:hidden\" data-animation=\"slide-down\" \/><\/div><\/div><div id=\"panel-7342-0-0-1\" class=\"so-panel widget widget_black-studio-tinymce widget_black_studio_tinymce panel-last-child\" data-index=\"1\" ><div class=\"textwidget\"><p><a href=\"https:\/\/www.terrehabitat.be\/wp\/wp-content\/uploads\/2015\/02\/fiche-technique_INTELLO_PLUS.pdf\"><img loading=\"lazy\" decoding=\"async\" class=\"alignnone wp-image-1758\" src=\"https:\/\/www.terrehabitat.be\/wp\/wp-content\/uploads\/2015\/02\/t\u00e9l\u00e9chargements-640x130.jpg\" alt=\"t\u00e9l\u00e9chargements\" width=\"261\" height=\"53\" srcset=\"https:\/\/www.terrehabitat.be\/wp\/wp-content\/uploads\/2015\/02\/t\u00e9l\u00e9chargements-640x130.jpg 640w, https:\/\/www.terrehabitat.be\/wp\/wp-content\/uploads\/2015\/02\/t\u00e9l\u00e9chargements-1024x208.jpg 1024w, https:\/\/www.terrehabitat.be\/wp\/wp-content\/uploads\/2015\/02\/t\u00e9l\u00e9chargements-600x122.jpg 600w\" sizes=\"auto, (max-width: 261px) 100vw, 261px\" \/><\/a><\/p>\n<p><iframe loading=\"lazy\" title=\"Comment poser le syst\u00e8me Intello de Proclima?\" width=\"1200\" height=\"675\" src=\"https:\/\/www.youtube.com\/embed\/R65wOFLy6IQ?feature=oembed\" frameborder=\"0\" allow=\"accelerometer; autoplay; clipboard-write; encrypted-media; gyroscope; picture-in-picture\" allowfullscreen><\/iframe><\/p>\n<\/div><\/div><\/div><div id=\"pgc-7342-0-1\"  class=\"panel-grid-cell\" ><div id=\"panel-7342-0-1-0\" class=\"so-panel widget widget_black-studio-tinymce widget_black_studio_tinymce panel-first-child\" data-index=\"2\" ><div class=\"panel-widget-style panel-widget-style-for-7342-0-1-0\" ><div class=\"textwidget\"><p><span style=\"color: #ffffff;\">.<\/span><\/p>\n<p><span style=\"color: #ffffff;\">\u00a0\u00a0\u00a0<\/span> \u00a0 Dimensions : 1.5 m x 20 m - 1.50 m x 50 m - 3 m x 50 m<\/p>\n<p><span style=\"color: #ffffff;\">.\u00a0\u00a0\u00a0<\/span>\u00a0 Service de d\u00e9coupe au d\u00e9tail<\/p>\n<p><span class=\"Apple-style-span\">\u00a0 \u00a0 \u00a0 R\u00e9sistance \u00e0 la diffusion de vapeur: DIN EN 12572 = 37.500<br \/>\n<span style=\"color: #ffffff;\">.\u00a0<\/span>\u00a0\u00a0\u00a0 Valeur Sd NF EN 1931 = 7,50 \u00b10,25 m<br \/>\n<span style=\"color: #ffffff;\">.\u00a0\u00a0\u00a0<\/span>\u00a0 Valeur Sd hygrovariable: NF EN ISO 12572 = 0,25 - &gt;25 m<br \/>\n<span style=\"color: #ffffff;\">.\u00a0\u00a0\u00a0\u00a0<\/span> R\u00e9sistance aux temp\u00e9ratures: de -40 \u00b0C \u00e0 +80 \u00b0C<br \/>\n<span style=\"color: #ffffff;\">.\u00a0<\/span>\u00a0\u00a0\u00a0 Classe feu: DIN EN 13501-1 = E<br \/>\n<span style=\"color: #ffffff;\">.\u00a0\u00a0\u00a0<\/span>\u00a0 Charge de rupture: DIN EN 13859-1 = 350 N\/5 cm long. 290 N\/5 cm transv.<br \/>\n<\/span><\/p>\n<\/div><\/div><\/div><div id=\"panel-7342-0-1-1\" class=\"so-panel widget widget_black-studio-tinymce widget_black_studio_tinymce panel-last-child\" data-index=\"3\" ><div class=\"textwidget\"><h5>Intello plus : Frein vapeur \u00e9tanche \u00e0 l\u2019air sp\u00e9cifique \u00e0 l'insufflation, assurant une protection maximale contre l\u2019humidit\u00e9 et les courants d\u2019air.<\/h5>\n<p>Bande frein-vapeur et d'\u00e9tanch\u00e9it\u00e9 \u00e0 l'air haute performance. Pour murs, plafonds, sols\u00a0et sous-toitures. Protection maximale de la structure isolante contre les d\u00e9g\u00e2ts d'humidit\u00e9 tels les moisissures.<\/p>\n<p>Gr\u00e2ce \u00e0 une valeur \u00b5d hygrovariable particuli\u00e8rement \u00e9lev\u00e9e, Intello Plus reste efficace dans toutes les zones et conditions climatiques. En \u00e9t\u00e9 la structure s'ouvre plus \u00e0 la diffusion, en hiver elle se r\u00e9tr\u00e9cit. Pour bien comprendre cela :<\/p>\n<p><iframe loading=\"lazy\" title=\"pro clima INTELLO (fonctionnement)\" width=\"1200\" height=\"675\" src=\"https:\/\/www.youtube.com\/embed\/skoIcOXWuNs?feature=oembed\" frameborder=\"0\" allow=\"accelerometer; autoplay; clipboard-write; encrypted-media; gyroscope; picture-in-picture\" allowfullscreen><\/iframe><\/p>\n<p>Intello Plus peut \u00eatre utilis\u00e9 dans des constructions exigeantes: toits plats, toits verts, toits \u00e0 pente raide etc.\u00a0Il est combinable avec tous les matelas et panneaux de fibre pour l'isolation, ainsi qu'avec l'isolation insuffl\u00e9e.<\/p>\n<p>Par rapport \u00e0 la version de base Intello, Intello\u00a0Plus<strong>\u00a0<\/strong>est arm\u00e9 d'une couche en polypropyl\u00e8ne ce qui lui procure une\u00a0r\u00e9sistance \u00e0 la d\u00e9chirure augment\u00e9e. Le Plus<strong>\u00a0<\/strong>est\u00a0d'ailleurs<strong>\u00a0<\/strong>obligatoire dans le cas d'insufflation<strong>\u00a0<\/strong>(flocons cellulosiques ou laine de bois).<\/p>\n<\/div><\/div><\/div><\/div><\/div>","protected":false},"excerpt":{"rendered":"<p>https:\/\/www.youtube.com\/watch?v=R65wOFLy6IQ . \u00a0\u00a0\u00a0 \u00a0 Dimensions : 1.5 m x 20 m &#8211; 1.50 m x 50 m &#8211; 3 m x 50 m .\u00a0\u00a0\u00a0\u00a0 Service de d\u00e9coupe au d\u00e9tail \u00a0 \u00a0 \u00a0 R\u00e9sistance \u00e0 la diffusion de vapeur: DIN EN 12572 = 37.500 .\u00a0\u00a0\u00a0\u00a0 Valeur Sd NF EN 1931 =&#8230;<\/p>\n","protected":false},"author":2183,"featured_media":0,"parent":4827,"menu_order":3,"comment_status":"closed","ping_status":"closed","template":"page-fullwidth.php","meta":{"footnotes":""},"class_list":["post-7342","page","type-page","status-publish","hentry"],"_links":{"self":[{"href":"https:\/\/www.terrehabitat.be\/wp\/wp-json\/wp\/v2\/pages\/7342","targetHints":{"allow":["GET"]}}],"collection":[{"href":"https:\/\/www.terrehabitat.be\/wp\/wp-json\/wp\/v2\/pages"}],"about":[{"href":"https:\/\/www.terrehabitat.be\/wp\/wp-json\/wp\/v2\/types\/page"}],"author":[{"embeddable":true,"href":"https:\/\/www.terrehabitat.be\/wp\/wp-json\/wp\/v2\/users\/2183"}],"replies":[{"embeddable":true,"href":"https:\/\/www.terrehabitat.be\/wp\/wp-json\/wp\/v2\/comments?post=7342"}],"version-history":[{"count":7,"href":"https:\/\/www.terrehabitat.be\/wp\/wp-json\/wp\/v2\/pages\/7342\/revisions"}],"predecessor-version":[{"id":7349,"href":"https:\/\/www.terrehabitat.be\/wp\/wp-json\/wp\/v2\/pages\/7342\/revisions\/7349"}],"up":[{"embeddable":true,"href":"https:\/\/www.terrehabitat.be\/wp\/wp-json\/wp\/v2\/pages\/4827"}],"wp:attachment":[{"href":"https:\/\/www.terrehabitat.be\/wp\/wp-json\/wp\/v2\/media?parent=7342"}],"curies":[{"name":"wp","href":"https:\/\/api.w.org\/{rel}","templated":true}]}}

<div id="pl-7342"  class="panel-layout" ><div id="pg-7342-0"  class="panel-grid panel-no-style" ><div id="pgc-7342-0-0"  class="panel-grid-cell" ><div id="panel-7342-0-0-0" class="so-panel widget widget_origin_animated-image panel-first-child" data-index="0" ><div class="origin-widget origin-widget-animated-image origin-widget-animated-image-default-default"><img decoding="async" src="https://www.terrehabitat.be/wp/wp-content/uploads/2015/01/pro-clima-intello.jpg" style="visibility:hidden" data-animation="slide-down" /></div></div><div id="panel-7342-0-0-1" class="so-panel widget widget_black-studio-tinymce widget_black_studio_tinymce panel-last-child" data-index="1" ><div class="textwidget"><p><a href="https://www.terrehabitat.be/wp/wp-content/uploads/2015/02/fiche-technique_INTELLO_PLUS.pdf"><img loading="lazy" decoding="async" class="alignnone wp-image-1758" src="https://www.terrehabitat.be/wp/wp-content/uploads/2015/02/téléchargements-640x130.jpg" alt="téléchargements" width="261" height="53" srcset="https://www.terrehabitat.be/wp/wp-content/uploads/2015/02/téléchargements-640x130.jpg 640w, https://www.terrehabitat.be/wp/wp-content/uploads/2015/02/téléchargements-1024x208.jpg 1024w, https://www.terrehabitat.be/wp/wp-content/uploads/2015/02/téléchargements-600x122.jpg 600w" sizes="auto, (max-width: 261px) 100vw, 261px" /></a></p>
<p><iframe loading="lazy" title="Comment poser le système Intello de Proclima?" width="1200" height="675" src="https://www.youtube.com/embed/R65wOFLy6IQ?feature=oembed" frameborder="0" allow="accelerometer; autoplay; clipboard-write; encrypted-media; gyroscope; picture-in-picture" allowfullscreen></iframe></p>
</div></div></div><div id="pgc-7342-0-1"  class="panel-grid-cell" ><div id="panel-7342-0-1-0" class="so-panel widget widget_black-studio-tinymce widget_black_studio_tinymce panel-first-child" data-index="2" ><div class="panel-widget-style panel-widget-style-for-7342-0-1-0" ><div class="textwidget"><p><span style="color: #ffffff;">.</span></p>
<p><span style="color: #ffffff;">   </span>   Dimensions : 1.5 m x 20 m - 1.50 m x 50 m - 3 m x 50 m</p>
<p><span style="color: #ffffff;">.   </span>  Service de découpe au détail</p>
<p><span class="Apple-style-span">      Résistance à la diffusion de vapeur: DIN EN 12572 = 37.500<br />
<span style="color: #ffffff;">. </span>    Valeur Sd NF EN 1931 = 7,50 ±0,25 m<br />
<span style="color: #ffffff;">.   </span>  Valeur Sd hygrovariable: NF EN ISO 12572 = 0,25 - &gt;25 m<br />
<span style="color: #ffffff;">.    </span> Résistance aux températures: de -40 °C à +80 °C<br />
<span style="color: #ffffff;">. </span>    Classe feu: DIN EN 13501-1 = E<br />
<span style="color: #ffffff;">.   </span>  Charge de rupture: DIN EN 13859-1 = 350 N/5 cm long. 290 N/5 cm transv.<br />
</span></p>
</div></div></div><div id="panel-7342-0-1-1" class="so-panel widget widget_black-studio-tinymce widget_black_studio_tinymce panel-last-child" data-index="3" ><div class="textwidget"><h5>Intello plus : Frein vapeur étanche à l’air spécifique à l'insufflation, assurant une protection maximale contre l’humidité et les courants d’air.</h5>
<p>Bande frein-vapeur et d'étanchéité à l'air haute performance. Pour murs, plafonds, sols et sous-toitures. Protection maximale de la structure isolante contre les dégâts d'humidité tels les moisissures.</p>
<p>Grâce à une valeur µd hygrovariable particulièrement élevée, Intello Plus reste efficace dans toutes les zones et conditions climatiques. En été la structure s'ouvre plus à la diffusion, en hiver elle se rétrécit. Pour bien comprendre cela :</p>
<p><iframe loading="lazy" title="pro clima INTELLO (fonctionnement)" width="1200" height="675" src="https://www.youtube.com/embed/skoIcOXWuNs?feature=oembed" frameborder="0" allow="accelerometer; autoplay; clipboard-write; encrypted-media; gyroscope; picture-in-picture" allowfullscreen></iframe></p>
<p>Intello Plus peut être utilisé dans des constructions exigeantes: toits plats, toits verts, toits à pente raide etc. Il est combinable avec tous les matelas et panneaux de fibre pour l'isolation, ainsi qu'avec l'isolation insufflée.</p>
<p>Par rapport à la version de base Intello, Intello Plus<strong> </strong>est armé d'une couche en polypropylène ce qui lui procure une résistance à la déchirure augmentée. Le Plus<strong> </strong>est d'ailleurs<strong> </strong>obligatoire dans le cas d'insufflation<strong> </strong>(flocons cellulosiques ou laine de bois).</p>
</div></div></div></div></div>

<p>https://www.youtube.com/watch?v=R65wOFLy6IQ .       Dimensions : 1.5 m x 20 m &#8211; 1.50 m x 50 m &#8211; 3 m x 50 m .     Service de découpe au détail       Résistance à la diffusion de vapeur: DIN EN 12572 = 37.500 .     Valeur Sd NF EN 1931 =&#8230;</p>
